{"id":6816,"date":"2025-06-07T12:48:48","date_gmt":"2025-06-07T12:48:48","guid":{"rendered":"https:\/\/amberdocafe.ca\/galerie-de-la-rue-davie\/"},"modified":"2025-10-01T19:49:20","modified_gmt":"2025-10-01T19:49:20","slug":"galerie-de-la-rue-davie","status":"publish","type":"page","link":"https:\/\/amberdo.ca\/fr\/galerie-de-la-rue-davie\/","title":{"rendered":"Galerie de la rue Davie"},"content":{"rendered":"<div class=\"wpb-content-wrapper\"><p>[vc_row][vc_column]<div class=\"eltdf-section-title-holder  \" >\n\t<div class=\"eltdf-st-inner\">\n\t\t\t\t\t<h2 class=\"eltdf-st-title\" >\n\t\t\t\tGrand Opening of Ambredo Caf\u00e9, Davie Street Branch\t\t\t<\/h2>\n\t\t\t\t\t<\/div>\n<\/div>[\/vc_column][\/vc_row][vc_row][vc_column][vc_column_text css=\u00a0\u00bb\u00a0\u00bb]<\/p>\n<div>\n<p dir=\"auto\">La succursale d&rsquo;Amberdo Caf\u00e9 sur la rue Davie est pr\u00eate et a \u00e9t\u00e9 inaugur\u00e9e en douceur le 19 juillet 2025. Vous pouvez voir ci-dessous des images de cette journ\u00e9e importante : <\/p>\n<\/div>\n<section><\/section>\n<section><\/section>\n<p>[\/vc_column_text][vc_empty_space][\/vc_column][\/vc_row][vc_row css=\u00a0\u00bb.vc_custom_1750855932539{margin-bottom: 52px !important;}\u00a0\u00bb][vc_column width=\u00a0\u00bb1\/3&Prime; css=\u00a0\u00bb.vc_custom_1750855867348{margin-top: 10px !important;}\u00a0\u00bb][vc_single_image image=\u00a0\u00bb5482&Prime; img_size=\u00a0\u00bbfull\u00a0\u00bb onclick=\u00a0\u00bblink_image\u00a0\u00bb css_animation=\u00a0\u00bbnone\u00a0\u00bb css=\u00a0\u00bb\u00a0\u00bb el_class=\u00a0\u00bbvc-hover-img\u00a0\u00bb][\/vc_column][vc_column width=\u00a0\u00bb1\/3&Prime; css=\u00a0\u00bb.vc_custom_1750855882683{margin-top: 10px !important;}\u00a0\u00bb][vc_single_image image=\u00a0\u00bb5484&Prime; img_size=\u00a0\u00bbfull\u00a0\u00bb onclick=\u00a0\u00bblink_image\u00a0\u00bb css=\u00a0\u00bb\u00a0\u00bb el_class=\u00a0\u00bbvc-hover-img\u00a0\u00bb][\/vc_column][vc_column width=\u00a0\u00bb1\/3&Prime; css=\u00a0\u00bb.vc_custom_1750855854589{margin-top: 10px !important;}\u00a0\u00bb][vc_single_image image=\u00a0\u00bb5480&Prime; img_size=\u00a0\u00bbfull\u00a0\u00bb onclick=\u00a0\u00bblink_image\u00a0\u00bb css=\u00a0\u00bb\u00a0\u00bb el_class=\u00a0\u00bbvc-hover-img\u00a0\u00bb][\/vc_column][\/vc_row]<\/p>\n<\/div>","protected":false},"excerpt":{"rendered":"<p>[vc_row][vc_column][\/vc_column][\/vc_row][vc_row][vc_column][vc_column_text css=\u00a0\u00bb\u00a0\u00bb] La succursale d&rsquo;Amberdo Caf\u00e9 sur la rue Davie est pr\u00eate et a \u00e9t\u00e9 inaugur\u00e9e en douceur le 19 juillet 2025. Vous pouvez voir ci-dessous des images de cette journ\u00e9e importante : [\/vc_column_text][vc_empty_space][\/vc_column][\/vc_row][vc_row css=\u00a0\u00bb.vc_custom_1750855932539{margin-bottom: 52px !important;}\u00a0\u00bb][vc_column width=\u00a0\u00bb1\/3&Prime; css=\u00a0\u00bb.vc_custom_1750855867348{margin-top: 10px !important;}\u00a0\u00bb][vc_single_image image=\u00a0\u00bb5482&Prime; img_size=\u00a0\u00bbfull\u00a0\u00bb onclick=\u00a0\u00bblink_image\u00a0\u00bb css_animation=\u00a0\u00bbnone\u00a0\u00bb css=\u00a0\u00bb\u00a0\u00bb el_class=\u00a0\u00bbvc-hover-img\u00a0\u00bb][\/vc_column][vc_column width=\u00a0\u00bb1\/3&Prime; css=\u00a0\u00bb.vc_custom_1750855882683{margin-top: 10px !important;}\u00a0\u00bb][vc_single_image image=\u00a0\u00bb5484&Prime; img_size=\u00a0\u00bbfull\u00a0\u00bb onclick=\u00a0\u00bblink_image\u00a0\u00bb css=\u00a0\u00bb\u00a0\u00bb el_class=\u00a0\u00bbvc-hover-img\u00a0\u00bb][\/vc_column][vc_column width=\u00a0\u00bb1\/3&Prime; css=\u00a0\u00bb.vc_custom_1750855854589{margin-top: 10px !important;}\u00a0\u00bb][vc_single_image image=\u00a0\u00bb5480&Prime; img_size=\u00a0\u00bbfull\u00a0\u00bb onclick=\u00a0\u00bblink_image\u00a0\u00bb css=\u00a0\u00bb\u00a0\u00bb el_class=\u00a0\u00bbvc-hover-img\u00a0\u00bb][\/vc_column][\/vc_row]<\/p>\n","protected":false},"author":1,"featured_media":0,"parent":0,"menu_order":0,"comment_status":"closed","ping_status":"closed","template":"","meta":{"_seopress_robots_primary_cat":"","_seopress_titles_title":"Galerie de la rue Davie - Caf\u00e9 Amberdo","_seopress_titles_desc":"La succursale d'Amberdo Caf\u00e9 sur la rue Davie est pr\u00eate et a ouvert ses portes le 19 juillet 2025. Vous pouvez voir ci-dessous des images de cette journ\u00e9e importante : ","_seopress_robots_index":"","footnotes":""},"class_list":["post-6816","page","type-page","status-publish","hentry"],"_links":{"self":[{"href":"https:\/\/amberdo.ca\/fr\/wp-json\/wp\/v2\/pages\/6816","targetHints":{"allow":["GET"]}}],"collection":[{"href":"https:\/\/amberdo.ca\/fr\/wp-json\/wp\/v2\/pages"}],"about":[{"href":"https:\/\/amberdo.ca\/fr\/wp-json\/wp\/v2\/types\/page"}],"author":[{"embeddable":true,"href":"https:\/\/amberdo.ca\/fr\/wp-json\/wp\/v2\/users\/1"}],"replies":[{"embeddable":true,"href":"https:\/\/amberdo.ca\/fr\/wp-json\/wp\/v2\/comments?post=6816"}],"version-history":[{"count":1,"href":"https:\/\/amberdo.ca\/fr\/wp-json\/wp\/v2\/pages\/6816\/revisions"}],"predecessor-version":[{"id":6820,"href":"https:\/\/amberdo.ca\/fr\/wp-json\/wp\/v2\/pages\/6816\/revisions\/6820"}],"wp:attachment":[{"href":"https:\/\/amberdo.ca\/fr\/wp-json\/wp\/v2\/media?parent=6816"}],"curies":[{"name":"wp","href":"https:\/\/api.w.org\/{rel}","templated":true}]}}

<div class="wpb-content-wrapper"><p>[vc_row][vc_column]<div class="eltdf-section-title-holder  " >
	<div class="eltdf-st-inner">
					<h2 class="eltdf-st-title" >
				Grand Opening of Ambredo Café, Davie Street Branch			</h2>
					</div>
</div>[/vc_column][/vc_row][vc_row][vc_column][vc_column_text css= » »]</p>
<div>
<p dir="auto">La succursale d&rsquo;Amberdo Café sur la rue Davie est prête et a été inaugurée en douceur le 19 juillet 2025. Vous pouvez voir ci-dessous des images de cette journée importante : </p>
</div>
<section></section>
<section></section>
<p>[/vc_column_text][vc_empty_space][/vc_column][/vc_row][vc_row css= ».vc_custom_1750855932539{margin-bottom: 52px !important;} »][vc_column width= »1/3&Prime; css= ».vc_custom_1750855867348{margin-top: 10px !important;} »][vc_single_image image= »5482&Prime; img_size= »full » onclick= »link_image » css_animation= »none » css= » » el_class= »vc-hover-img »][/vc_column][vc_column width= »1/3&Prime; css= ».vc_custom_1750855882683{margin-top: 10px !important;} »][vc_single_image image= »5484&Prime; img_size= »full » onclick= »link_image » css= » » el_class= »vc-hover-img »][/vc_column][vc_column width= »1/3&Prime; css= ».vc_custom_1750855854589{margin-top: 10px !important;} »][vc_single_image image= »5480&Prime; img_size= »full » onclick= »link_image » css= » » el_class= »vc-hover-img »][/vc_column][/vc_row]</p>
</div>

<p>[vc_row][vc_column][/vc_column][/vc_row][vc_row][vc_column][vc_column_text css= » »] La succursale d&rsquo;Amberdo Café sur la rue Davie est prête et a été inaugurée en douceur le 19 juillet 2025. Vous pouvez voir ci-dessous des images de cette journée importante : [/vc_column_text][vc_empty_space][/vc_column][/vc_row][vc_row css= ».vc_custom_1750855932539{margin-bottom: 52px !important;} »][vc_column width= »1/3&Prime; css= ».vc_custom_1750855867348{margin-top: 10px !important;} »][vc_single_image image= »5482&Prime; img_size= »full » onclick= »link_image » css_animation= »none » css= » » el_class= »vc-hover-img »][/vc_column][vc_column width= »1/3&Prime; css= ».vc_custom_1750855882683{margin-top: 10px !important;} »][vc_single_image image= »5484&Prime; img_size= »full » onclick= »link_image » css= » » el_class= »vc-hover-img »][/vc_column][vc_column width= »1/3&Prime; css= ».vc_custom_1750855854589{margin-top: 10px !important;} »][vc_single_image image= »5480&Prime; img_size= »full » onclick= »link_image » css= » » el_class= »vc-hover-img »][/vc_column][/vc_row]</p>

Galerie de la rue Davie - Café Amberdo

La succursale d'Amberdo Café sur la rue Davie est prête et a ouvert ses portes le 19 juillet 2025. Vous pouvez voir ci-dessous des images de cette journée importante :
