{"id":6888,"date":"2025-06-07T12:48:48","date_gmt":"2025-06-07T12:48:48","guid":{"rendered":"https:\/\/amberdocafe.ca\/galeria-davie-street\/"},"modified":"2025-10-01T19:56:30","modified_gmt":"2025-10-01T19:56:30","slug":"galeria-davie-street","status":"publish","type":"page","link":"https:\/\/amberdo.ca\/es\/galeria-davie-street\/","title":{"rendered":"Galer\u00eda Davie Street"},"content":{"rendered":"<div class=\"wpb-content-wrapper\"><p>[vc_row][vc_column]<div class=\"eltdf-section-title-holder  \" >\n\t<div class=\"eltdf-st-inner\">\n\t\t\t\t\t<h2 class=\"eltdf-st-title\" >\n\t\t\t\tGrand Opening of Ambredo Caf\u00e9, Davie Street Branch\t\t\t<\/h2>\n\t\t\t\t\t<\/div>\n<\/div>[\/vc_column][\/vc_row][vc_row][vc_column][vc_column_text css=\u00bb\u00bb]<\/p>\n<div>\n<p dir=\"auto\">La sucursal de Amberdo Caf\u00e9 en la calle Davie est\u00e1 lista y tuvo su apertura suave el 19 de julio de 2025. A continuaci\u00f3n puedes ver im\u00e1genes de este importante d\u00eda: <\/p>\n<\/div>\n<section><\/section>\n<section><\/section>\n<p>[\/vc_column_text][vc_empty_space][\/vc_column][\/vc_row][vc_row css=\u00bb.vc_custom_1750855932539{margin-bottom: 52px !important;}\u00bb][vc_column width=\u00bb1\/3&#8243; css=\u00bb.vc_custom_1750855867348{margin-top: 10px !important;}\u00bb][vc_single_image image=\u00bb5482&#8243; img_size=\u00bbfull\u00bb onclick=\u00bblink_image\u00bb css_animation=\u00bbnone\u00bb css=\u00bb\u00bb el_class=\u00bbvc-hover-img\u00bb][\/vc_column][vc_column width=\u00bb1\/3&#8243; css=\u00bb.vc_custom_1750855882683{margin-top: 10px !important;}\u00bb][vc_single_image image=\u00bb5484&#8243; img_size=\u00bbfull\u00bb onclick=\u00bblink_image\u00bb css=\u00bb\u00bb el_class=\u00bbvc-hover-img\u00bb][\/vc_column][vc_column width=\u00bb1\/3&#8243; css=\u00bb.vc_custom_1750855854589{margin-top: 10px !important;}\u00bb][vc_single_image image=\u00bb5480&#8243; img_size=\u00bbfull\u00bb onclick=\u00bblink_image\u00bb css=\u00bb\u00bb el_class=\u00bbvc-hover-img\u00bb][\/vc_column][\/vc_row]<\/p>\n<\/div>","protected":false},"excerpt":{"rendered":"<p>[vc_row][vc_column][\/vc_column][\/vc_row][vc_row][vc_column][vc_column_text css=\u00bb\u00bb] La sucursal de Amberdo Caf\u00e9 en la calle Davie est\u00e1 lista y tuvo su apertura suave el 19 de julio de 2025. A continuaci\u00f3n puedes ver im\u00e1genes de este importante d\u00eda: [\/vc_column_text][vc_empty_space][\/vc_column][\/vc_row][vc_row css=\u00bb.vc_custom_1750855932539{margin-bottom: 52px !important;}\u00bb][vc_column width=\u00bb1\/3&#8243; css=\u00bb.vc_custom_1750855867348{margin-top: 10px !important;}\u00bb][vc_single_image image=\u00bb5482&#8243; img_size=\u00bbfull\u00bb onclick=\u00bblink_image\u00bb css_animation=\u00bbnone\u00bb css=\u00bb\u00bb el_class=\u00bbvc-hover-img\u00bb][\/vc_column][vc_column width=\u00bb1\/3&#8243; css=\u00bb.vc_custom_1750855882683{margin-top: 10px !important;}\u00bb][vc_single_image image=\u00bb5484&#8243; img_size=\u00bbfull\u00bb onclick=\u00bblink_image\u00bb css=\u00bb\u00bb el_class=\u00bbvc-hover-img\u00bb][\/vc_column][vc_column width=\u00bb1\/3&#8243; css=\u00bb.vc_custom_1750855854589{margin-top: 10px !important;}\u00bb][vc_single_image image=\u00bb5480&#8243; img_size=\u00bbfull\u00bb onclick=\u00bblink_image\u00bb css=\u00bb\u00bb el_class=\u00bbvc-hover-img\u00bb][\/vc_column][\/vc_row]<\/p>\n","protected":false},"author":1,"featured_media":0,"parent":0,"menu_order":0,"comment_status":"closed","ping_status":"closed","template":"","meta":{"_seopress_robots_primary_cat":"","_seopress_titles_title":"Galer\u00eda Davie Street - Caf\u00e9 Amberdo","_seopress_titles_desc":"La sucursal de Amberdo Caf\u00e9 en la calle Davie est\u00e1 lista y tuvo su apertura suave el 19 de julio de 2025. A continuaci\u00f3n puedes ver im\u00e1genes de este importante d\u00eda: ","_seopress_robots_index":"","footnotes":""},"class_list":["post-6888","page","type-page","status-publish","hentry"],"_links":{"self":[{"href":"https:\/\/amberdo.ca\/es\/wp-json\/wp\/v2\/pages\/6888","targetHints":{"allow":["GET"]}}],"collection":[{"href":"https:\/\/amberdo.ca\/es\/wp-json\/wp\/v2\/pages"}],"about":[{"href":"https:\/\/amberdo.ca\/es\/wp-json\/wp\/v2\/types\/page"}],"author":[{"embeddable":true,"href":"https:\/\/amberdo.ca\/es\/wp-json\/wp\/v2\/users\/1"}],"replies":[{"embeddable":true,"href":"https:\/\/amberdo.ca\/es\/wp-json\/wp\/v2\/comments?post=6888"}],"version-history":[{"count":2,"href":"https:\/\/amberdo.ca\/es\/wp-json\/wp\/v2\/pages\/6888\/revisions"}],"predecessor-version":[{"id":6896,"href":"https:\/\/amberdo.ca\/es\/wp-json\/wp\/v2\/pages\/6888\/revisions\/6896"}],"wp:attachment":[{"href":"https:\/\/amberdo.ca\/es\/wp-json\/wp\/v2\/media?parent=6888"}],"curies":[{"name":"wp","href":"https:\/\/api.w.org\/{rel}","templated":true}]}}

Galería Davie Street

<div class="wpb-content-wrapper"><p>[vc_row][vc_column]<div class="eltdf-section-title-holder  " >
	<div class="eltdf-st-inner">
					<h2 class="eltdf-st-title" >
				Grand Opening of Ambredo Café, Davie Street Branch			</h2>
					</div>
</div>[/vc_column][/vc_row][vc_row][vc_column][vc_column_text css=»»]</p>
<div>
<p dir="auto">La sucursal de Amberdo Café en la calle Davie está lista y tuvo su apertura suave el 19 de julio de 2025. A continuación puedes ver imágenes de este importante día: </p>
</div>
<section></section>
<section></section>
<p>[/vc_column_text][vc_empty_space][/vc_column][/vc_row][vc_row css=».vc_custom_1750855932539{margin-bottom: 52px !important;}»][vc_column width=»1/3&#8243; css=».vc_custom_1750855867348{margin-top: 10px !important;}»][vc_single_image image=»5482&#8243; img_size=»full» onclick=»link_image» css_animation=»none» css=»» el_class=»vc-hover-img»][/vc_column][vc_column width=»1/3&#8243; css=».vc_custom_1750855882683{margin-top: 10px !important;}»][vc_single_image image=»5484&#8243; img_size=»full» onclick=»link_image» css=»» el_class=»vc-hover-img»][/vc_column][vc_column width=»1/3&#8243; css=».vc_custom_1750855854589{margin-top: 10px !important;}»][vc_single_image image=»5480&#8243; img_size=»full» onclick=»link_image» css=»» el_class=»vc-hover-img»][/vc_column][/vc_row]</p>
</div>

<p>[vc_row][vc_column][/vc_column][/vc_row][vc_row][vc_column][vc_column_text css=»»] La sucursal de Amberdo Café en la calle Davie está lista y tuvo su apertura suave el 19 de julio de 2025. A continuación puedes ver imágenes de este importante día: [/vc_column_text][vc_empty_space][/vc_column][/vc_row][vc_row css=».vc_custom_1750855932539{margin-bottom: 52px !important;}»][vc_column width=»1/3&#8243; css=».vc_custom_1750855867348{margin-top: 10px !important;}»][vc_single_image image=»5482&#8243; img_size=»full» onclick=»link_image» css_animation=»none» css=»» el_class=»vc-hover-img»][/vc_column][vc_column width=»1/3&#8243; css=».vc_custom_1750855882683{margin-top: 10px !important;}»][vc_single_image image=»5484&#8243; img_size=»full» onclick=»link_image» css=»» el_class=»vc-hover-img»][/vc_column][vc_column width=»1/3&#8243; css=».vc_custom_1750855854589{margin-top: 10px !important;}»][vc_single_image image=»5480&#8243; img_size=»full» onclick=»link_image» css=»» el_class=»vc-hover-img»][/vc_column][/vc_row]</p>

Galería Davie Street - Café Amberdo

La sucursal de Amberdo Café en la calle Davie está lista y tuvo su apertura suave el 19 de julio de 2025. A continuación puedes ver imágenes de este importante día:
